4 and 2501?
61
What is the greatest common factor of 156 and 15?
3
What is the highest common factor of 1224 and 576?
72
Calculate the greatest common factor of 52 and 52.
52
What is the greatest common factor of 611 and 117?
13
Calculate the highest common factor of 20 and 940.
20
What is the highest common factor of 52 and 16?
4
What is the highest common divisor of 69352 and 8?
8
Calculate the greatest common divisor of 20311 and 19.
19
Calculate the highest common divisor of 9 and 16.
1
What is the greatest common factor of 1186 and 8?
2
Calculate the greatest common factor of 23 and 2047.
23
Calculate the highest common divisor of 810 and 4536.
162
Calculate the greatest common factor of 39 and 637.
13
What is the highest common factor of 99 and 14949?
99
Calculate the highest common factor of 299 and 559.
13
What is the greatest common factor of 6 and 282?
6
What is the highest common divisor of 22 and 1661?
11
What is the highest common divisor of 596 and 4?
4
Calculate the highest common divisor of 414 and 18.
18
What is the highest common factor of 48 and 120?
24
What is the greatest common divisor of 70 and 15085?
35
Calculate the greatest common factor of 161835 and 15.
15
Calculate the highest common divisor of 246 and 82.
82
What is the highest common factor of 69 and 92?
23
Calculate the greatest common factor of 31064 and 88.
88
What is the greatest common factor of 663 and 425?
17
What is the highest common factor of 4 and 316?
4
Calculate the highest common divisor of 40 and 1720.
40
Calculate the highest common factor of 40 and 192.
8
What is the greatest common divisor of 35 and 455?
35
Calculate the highest common divisor of 899 and 928.
29
Calculate the greatest common factor of 9 and 285.
3
What is the greatest common divisor of 44 and 3234?
22
Calculate the highest common divisor of 50 and 40.
10
What is the highest common divisor of 27950 and 13?
13
What is the highest common divisor of 13 and 1?
1
Calculate the greatest common factor of 165 and 77.
11
What is the highest common factor of 2835 and 2520?
315
What is the greatest common divisor of 838 and 5?
1
What is the highest common divisor of 800 and 32?
32
What is the highest common divisor of 14 and 27951?
7
What is the greatest common divisor of 918 and 7140?
102
Calculate the greatest common factor of 23 and 1127.
23
Calculate the highest common factor of 646 and 38.
38
Calculate the highest common factor of 27 and 9.
9
What is the greatest common factor of 196 and 2702?
14
Calculate the highest common divisor of 159 and 3074.
53
What is the greatest common divisor of 100 and 675?
25
Calculate the greatest common factor of 942 and 1.
1
Calculate the greatest common divisor of 36121 and 41.
41
What is the greatest common divisor of 9 and 20?
1
What is the highest common divisor of 136 and 24?
8
What is the highest common factor of 333 and 777?
111
What is the greatest common factor of 174 and 116?
58
What is the greatest common factor of 405 and 25?
5
Calculate the greatest common factor of 4 and 109.
1
Calculate the greatest common divisor of 294 and 78351.
147
Calculate the greatest common factor of 9212 and 980.
196
Calculate the highest common divisor of 899 and 31.
31
What is the greatest common factor of 8 and 25?
1
Calculate the greatest common divisor of 70 and 84.
14
Calculate the highest common divisor of 1088 and 34.
34
Calculate the greatest common divisor of 50 and 10975.
25
Calculate the highest common factor of 610 and 10.
10
What is the highest common factor of 82 and 1763?
41
Calculate the highest common divisor of 126 and 108.
18
What is the highest common divisor of 200 and 275?
25
What is the greatest common factor of 394 and 2?
2
Calculate the greatest common factor of 33390 and 53.
53
Calculate the greatest common factor of 2148 and 24.
12
What is the highest common factor of 92 and 4?
4
Calculate the greatest common factor of 81 and 18.
9
What is the greatest common factor of 192 and 6?
6
What is the greatest common divisor of 52 and 4628?
52
What is the highest common divisor of 100 and 700?
100
Calculate the greatest common factor of 986 and 116.
58
What is the highest common factor of 3 and 238?
1
Calculate the greatest common divisor of 1940 and 10.
10
What is the greatest common factor of 3278 and 110?
22
What is the greatest common factor of 360 and 9?
9
Calculate the highest common factor of 180 and 960.
60
What is the greatest common divisor of 12 and 3372?
12
What is the highest common factor of 10 and 3945?
5
What is the greatest common factor of 105 and 1029?
21
What is the highest common factor of 917 and 524?
131
What is the greatest common divisor of 6075 and 25?
25
What is the highest common factor of 144 and 2232?
72
Calculate the highest common divisor of 56 and 546.
14
What is the greatest common divisor of 2340 and 144?
36
Calculate the greatest common divisor of 54 and 234.
18
Calculate the greatest common divisor of 480 and 400.
80
What is the highest common factor of 108 and 432?
108
Calculate the highest common factor of 165 and 187.
11
Calculate the highest common factor of 111 and 1258.
37
What is the greatest common factor of 450 and 2475?
225
What is the greatest common divisor of 253 and 69?
23
Calculate the greatest common factor of 93 and 5.
1
Calculate the highest common divisor of 1596 and 84.
84
Calculate the greatest common divisor of 10 and 40.
10
Calculate the greatest common divisor of 1218 and 42.
42
What is the greatest common factor of 1391 and 535?
107
Calculate the highest common factor of 114 and 3154.
38
What is the greatest common factor of 10 and 5770?
10
What is the greatest common factor of 3097 and 1?
1
Calculate the highest common divisor of 567 and 28.
7
Calculate the greatest common factor of 5300 and 100.
100
What is the highest common factor of 142 and 62338?
142
What is the greatest common divisor of 255 and 435?
15
What is the highest common divisor of 80 and 2160?
80
Calculate the highest common factor of 5 and 115.
5
Calculate the greatest common factor of 164 and 287.
41
Calculate the greatest common factor of 58 and 11136.
58
Calculate the greatest common factor of 27 and 19.
1
What is the greatest common factor of 102 and 60?
6
What is the highest common divisor of 190 and 7885?
95
What is the greatest common divisor of 318 and 11554?
106
What is the highest common factor of 14 and 21?
7
Calculate the greatest common divisor of 128 and 1.
1
Calculate the greatest common factor of 315 and 105.
105
Calculate the highest common factor of 258 and 12.
6
What is the greatest common factor of 32 and 92?
4
Calculate the greatest common factor of 14 and 8.
2
Calculate the greatest common divisor of 297 and 330.
33
What is the greatest common divisor of 248 and 2852?
124
Calculate the greatest common factor of 1140 and 95.
95
Calculate the greatest common divisor of 26 and 403.
13
Calculate the greatest common divisor of 40515 and 30.
15
Calculate the highest common divisor of 20 and 1580.
20
What is the greatest common divisor of 144 and 684?
36
Calculate the highest common factor of 1505 and 35.
35
Calculate the highest common factor of 73 and 2117.
73
Calculate the greatest common divisor of 112 and 336.
112
What is the highest common divisor of 316 and 10?
2
Calculate the highest common factor of 140 and 560.
140
Calculate the highest common divisor of 96 and 4992.
96
What is the greatest common factor of 524 and 34322?
262
Calculate the highest common factor of 17 and 3349.
17
What is the greatest common divisor of 1320 and 1740?
60
Calculate the highest common factor of 9 and 504.
9
Calculate the highest common divisor of 83 and 9047.
83
What is the highest common factor of 42 and 5306?
14
What is the highest common factor of 2739 and 1245?
249
Calculate the highest common divisor of 697 and 17.
17
What is the highest common divisor of 28977 and 117?
39
Calculate the highest common factor of 555 and 333.
111
Calculate the highest common factor of 110 and 20.
10
What is the greatest common divisor of 20 and 2560?
20
What is the highest common divisor of 2 and 54?
2
Calculate the highest common factor of 1185 and 15.
15
Calculate the greatest common factor of 85 and 5185.
85
Calcula